
3, 7, 23
List the prime factors of 471.
3, 157
List the prime factors of 9723.
3, 7, 463
List the prime factors of 5534.
2, 2767
List the prime factors of 1013.
1013
List the prime factors of 5771.
29, 199
List the prime factors of 13669.
13669
What are the prime factors of 98366?
2, 137, 359
List the prime factors of 8798.
2, 53, 83
What are the prime factors of 67130?
2, 5, 7, 137
What are the prime factors of 16952?
2, 13, 163
List the prime factors of 1005.
3, 5, 67
What are the prime factors of 2207?
2207
List the prime factors of 4697.
7, 11, 61
List the prime factors of 15370.
2, 5, 29, 53
List the prime factors of 113.
113
List the prime factors of 646.
2, 17, 19
List the prime factors of 27743.
27743
List the prime factors of 20417.
17, 1201
What are the prime factors of 4555?
5, 911
List the prime factors of 1157.
13, 89
List the prime factors of 25777.
149, 173
List the prime factors of 16301.
16301
What are the prime factors of 25059?
3, 8353
List the prime factors of 202471.
202471
What are the prime factors of 1781?
13, 137
List the prime factors of 80748.
2, 3, 2243
List the prime factors of 27037.
19, 1423
List the prime factors of 11888.
2, 743
List the prime factors of 28823.
19, 37, 41
What are the prime factors of 169100?
2, 5, 19, 89
List the prime factors of 10334.
2, 5167
What are the prime factors of 9402?
2, 3, 1567
List the prime factors of 2790.
2, 3, 5, 31
List the prime factors of 22521.
3, 7507
List the prime factors of 36220.
2, 5, 1811
List the prime factors of 18274.
2, 9137
What are the prime factors of 1443?
3, 13, 37
What are the prime factors of 33842?
2, 16921
What are the prime factors of 1925?
5, 7, 11
List the prime factors of 1612.
2, 13, 31
List the prime factors of 9443.
7, 19, 71
What are the prime factors of 2475?
3, 5, 11
List the prime factors of 29417.
23, 1279
List the prime factors of 79841.
79841
List the prime factors of 1337.
7, 191
List the prime factors of 274.
2, 137
List the prime factors of 7829.
7829
List the prime factors of 1379.
7, 197
List the prime factors of 19981.
13, 29, 53
What are the prime factors of 3334?
2, 1667
What are the prime factors of 11649?
3, 11, 353
What are the prime factors of 189?
3, 7
What are the prime factors of 12740?
2, 5, 7, 13
What are the prime factors of 82?
2, 41
What are the prime factors of 26167?
137, 191
What are the prime factors of 1765?
5, 353
What are the prime factors of 21679?
7, 19, 163
What are the prime factors of 1079?
13, 83
List the prime factors of 5391.
3, 599
List the prime factors of 71196.
2, 3, 17, 349
List the prime factors of 1615.
5, 17, 19
List the prime factors of 15788.
2, 3947
What are the prime factors of 9528?
2, 3, 397
List the prime factors of 964.
2, 241
List the prime factors of 76.
2, 19
List the prime factors of 21259.
7, 3037
List the prime factors of 5867.
5867
List the prime factors of 23497.
23497
What are the prime factors of 1277?
1277
What are the prime factors of 4774?
2, 7, 11, 31
What are the prime factors of 39334?
2, 71, 277
What are the prime factors of 78949?
13, 6073
What are the prime factors of 1661?
11, 151
List the prime factors of 104124.
2, 3, 8677
What are the prime factors of 630?
2, 3, 5, 7
What are the prime factors of 9105?
3, 5, 607
What are the prime factors of 5054?
2, 7, 19
List the prime factors of 27296.
2, 853
What are the prime factors of 506?
2, 11, 23
List the prime factors of 3664.
2, 229
List the prime factors of 4427.
19, 233
What are the prime factors of 205?
5, 41
What are the prime factors of 43?
43
What are the prime factors of 22531?
22531
What are the prime factors of 15163?
59, 257
List the prime factors of 998.
2, 499
What are the prime factors of 1639?
11, 149
What are the prime factors of 27221?
163, 167
What are the prime factors of 48536?
2, 6067
What are the prime factors of 105816?
2, 3, 4409
What are the prime factors of 3369?
3, 1123
What are the prime factors of 5229?
3, 7, 83
List the prime factors of 832.
2, 13
List the prime factors of 41737.
41737
List the prime factors of 43438.
2, 37, 587
List the prime factors of 11673.
3, 1297
List the prime factors of 196.
2, 7
What are the prime factors of 17030?
2, 5, 13, 131
What are the prime factors of 11070?
2, 3, 5, 41
What are the prime factors of 17666?
2, 11, 73
List the prime factors of 844.
2, 211
List the prime factors of 140.
2, 5, 7
What are the prime factors of 19506?
2, 3, 3251
What are the prime factors of 11194?
2, 29, 193
List the prime factors of 19636.
2, 4909
What are the prime factors of 11199?
3, 3733
What are the prime factors of 2135?
5, 7, 61
List the prime factors of 24.
2, 3
What are the prime factors of 3660?
2, 3, 5, 61
What are the prime factors of 6700?
2, 5, 67
What are the prime factors of 67783?
67783
List the prime factors of 42674.
2, 19, 1123
What are the prime factors of 32413?
32413
List the prime factors of 35771.
35771
List the prime factors of 1527.
3, 509
List the prime factors of 2413.
19, 127
List the prime factors of 74260.
2, 5, 47, 79
List the prime factors of 10692.
2, 3, 11
What are the prime factors of 8191?
8191
List the prime factors of 8392.
2, 1049
What are the prime factors of 409?
409
What are the prime factors of 23277?
3, 7759
What are the prime factors of 5332?
2, 31, 43
What are the prime factors of 46702?
2, 19, 1229
List the prime factors of 305.
5, 61
What are the prime factors of 3277?
29, 113
List the prime factors of 3430.
2, 5, 7
What are the prime factors of 4173?
3, 13, 107
List the prime factors of 157.
157
What are the prime factors of 65359?
7, 9337
List the prime factors of 5930.
2, 5, 593
List the prime factors of 12916.
2, 3229
List the prime factors of 237.
3, 79
List the prime factors of 41816.
2, 5227
List the prime factors of 79758.
2, 3, 7, 211
List the prime factors of 3639.
3, 1213
List the prime factors of 3235.
5, 647
What are the prime factors of 1141?
7, 163
What are the prime factors of 17836?
2, 7, 13
What are the prime factors of 1338?
2, 3, 223
What are the prime factors of 1613?
1613
What are the prime factors of 4026?
2, 3, 11, 61
What are the prime factors of 1808?
2, 113
List the prime factors of 4272.
2, 3, 89
What are the prime factors of 45024?
2, 3, 7, 67
What are the prime factors of 11380?
2, 5, 569
What are the prime factors of 742?
2, 7, 53
List the prime factors of 2481.
3, 827
What are the prime factors of 2737?
7, 17, 23
What are the prime factors of 11086?
2, 23, 241
What are the prime factors of 185951?
185951
What are the prime factors of 29380?
2, 5, 13, 113
What are the prime factors of 1805?
5, 19
What are the prime factors of 24426?
2, 3, 23, 59
List the prime factors of 98539.
7, 2011
List the prime factors of 528.
2, 3, 11
What are the prime factors of 494?
2, 13, 19
What are the prime factors of 39755?
5, 7951
List the prime factors of 13099.
13099
What are the prime factors of 3620?
2, 5, 181
List the prime factors of 22.
2, 11
What are the prime factors of 53914?
2, 7, 3851
What are the prime factors of 55347?
3, 19, 971
What are the prime factors of 13975?
5, 13, 43
What are the prime factors of 22801?
151
What are the prime factors of 461?
461
What are the prime factors of 10400?
2, 5, 13
What are the prime factors of 428?
2, 107
List the prime factors of 4728.
2, 3, 197
What are the prime factors of 2944?
2, 23
What are the prime factors of 6490?
2, 5, 11, 59
List the prime factors of 19728.
2, 3, 137
List the prime factors of 848.
2, 53
What are the prime factors of 14400?
2, 3, 5
List the prime factors of 37801.
103, 367
List the prime factors of 1378.
2, 13, 53
List the prime factors of 4609.
11, 419
List the prime factors of 3600.
2, 3, 5
List the prime factors of 277.
277
What are the prime factors of 590?
2, 5, 59
What are the prime factors of 26186?
2, 13093
What are the prime factors of 23881?
11, 13, 167
List the prime factors of 3887.
13, 23
List the prime factors of 884.
2, 13, 17
What are the prime factors of 5685?
3, 5, 379
List the prime factors of 4405.
5, 881
What are the prime factors of 16815?
3, 5, 19, 59
What are the prime factors of 3561?
3, 1187
List the prime factors of 955.
5, 191
What are the prime factors of 52?
2, 13
List the prime factors of 27928.
2, 3491
List